{"version":"1.0","provider_name":"Klasmann-Deilmann","provider_url":"https:\/\/klasmann-deilmann.com\/en\/","author_name":"Dirk R\u00f6se","author_url":"https:\/\/klasmann-deilmann.com\/en\/author\/dirk-roese\/","title":"Federal Minister Julia Kl\u00f6ckner invited - Klasmann-Deilmann","type":"rich","width":600,"height":338,"html":"<blockquote class=\"wp-embedded-content\" data-secret=\"xyjzdApoKC\"><a href=\"https:\/\/klasmann-deilmann.com\/en\/federal-minister-julia-kloeckner-invited\/\">Federal Minister Julia Kl\u00f6ckner invited<\/a><\/blockquote><iframe sandbox=\"allow-scripts\" security=\"restricted\" src=\"https:\/\/klasmann-deilmann.com\/en\/federal-minister-julia-kloeckner-invited\/embed\/#?secret=xyjzdApoKC\" width=\"600\" height=\"338\" title=\"&#8220;Federal Minister Julia Kl\u00f6ckner invited&#8221; &#8212; Klasmann-Deilmann\" data-secret=\"xyjzdApoKC\" frameborder=\"0\" marginwidth=\"0\" marginheight=\"0\" scrolling=\"no\" class=\"wp-embedded-content\"><\/iframe><script type=\"text\/javascript\">\n\/* <![CDATA[ *\/\n\/*! This file is auto-generated *\/\n!function(d,l){\"use strict\";l.querySelector&&d.addEventListener&&\"undefined\"!=typeof URL&&(d.wp=d.wp||{},d.wp.receiveEmbedMessage||(d.wp.receiveEmbedMessage=function(e){var t=e.data;if((t||t.secret||t.message||t.value)&&!\/[^a-zA-Z0-9]\/.test(t.secret)){for(var s,r,n,a=l.querySelectorAll('iframe[data-secret=\"'+t.secret+'\"]'),o=l.querySelectorAll('blockquote[data-secret=\"'+t.secret+'\"]'),c=new RegExp(\"^https?:$\",\"i\"),i=0;i<o.length;i++)o[i].style.display=\"none\";for(i=0;i<a.length;i++)s=a[i],e.source===s.contentWindow&&(s.removeAttribute(\"style\"),\"height\"===t.message?(1e3<(r=parseInt(t.value,10))?r=1e3:~~r<200&&(r=200),s.height=r):\"link\"===t.message&&(r=new URL(s.getAttribute(\"src\")),n=new URL(t.value),c.test(n.protocol))&&n.host===r.host&&l.activeElement===s&&(d.top.location.href=t.value))}},d.addEventListener(\"message\",d.wp.receiveEmbedMessage,!1),l.addEventListener(\"DOMContentLoaded\",function(){for(var e,t,s=l.querySelectorAll(\"iframe.wp-embedded-content\"),r=0;r<s.length;r++)(t=(e=s[r]).getAttribute(\"data-secret\"))||(t=Math.random().toString(36).substring(2,12),e.src+=\"#?secret=\"+t,e.setAttribute(\"data-secret\",t)),e.contentWindow.postMessage({message:\"ready\",secret:t},\"*\")},!1)))}(window,document);\n\/\/# sourceURL=https:\/\/klasmann-deilmann.com\/wp-includes\/js\/wp-embed.min.js\n\/* ]]> *\/\n<\/script>\n","description":"Round table to be held at Klasmann-Deilmann Klasmann-Deilmann has invited Julia Kl\u00f6ckner, German Federal Minister of Food and Agriculture (BMEL), to our company headquarters in Gro\u00df Hesepe. The background is the current debate on reducing the amount of peat in growing media and potting soils. Managing Director Moritz B\u00f6cking commented on this in an interview. Mr B\u00f6cking, let us once again describe the events chronologically. How did the invitation of the Federal Minister Julia Kl\u00f6ckner come about? Moritz B\u00f6cking: Europe"}

Dirk Röse

Federal Minister Julia Klöckner invited - Klasmann-Deilmann

<blockquote class="wp-embedded-content" data-secret="xyjzdApoKC"><a href="https://klasmann-deilmann.com/en/federal-minister-julia-kloeckner-invited/">Federal Minister Julia Klöckner invited</a></blockquote><iframe sandbox="allow-scripts" security="restricted" src="https://klasmann-deilmann.com/en/federal-minister-julia-kloeckner-invited/embed/#?secret=xyjzdApoKC" width="600" height="338" title="&#8220;Federal Minister Julia Klöckner invited&#8221; &#8212; Klasmann-Deilmann" data-secret="xyjzdApoKC" frameborder="0" marginwidth="0" marginheight="0" scrolling="no" class="wp-embedded-content"></iframe><script type="text/javascript">
/* <![CDATA[ */
/*! This file is auto-generated */
!function(d,l){"use strict";l.querySelector&&d.addEventListener&&"undefined"!=typeof URL&&(d.wp=d.wp||{},d.wp.receiveEmbedMessage||(d.wp.receiveEmbedMessage=function(e){var t=e.data;if((t||t.secret||t.message||t.value)&&!/[^a-zA-Z0-9]/.test(t.secret)){for(var s,r,n,a=l.querySelectorAll('iframe[data-secret="'+t.secret+'"]'),o=l.querySelectorAll('blockquote[data-secret="'+t.secret+'"]'),c=new RegExp("^https?:$","i"),i=0;i<o.length;i++)o[i].style.display="none";for(i=0;i<a.length;i++)s=a[i],e.source===s.contentWindow&&(s.removeAttribute("style"),"height"===t.message?(1e3<(r=parseInt(t.value,10))?r=1e3:~~r<200&&(r=200),s.height=r):"link"===t.message&&(r=new URL(s.getAttribute("src")),n=new URL(t.value),c.test(n.protocol))&&n.host===r.host&&l.activeElement===s&&(d.top.location.href=t.value))}},d.addEventListener("message",d.wp.receiveEmbedMessage,!1),l.addEventListener("DOMContentLoaded",function(){for(var e,t,s=l.querySelectorAll("iframe.wp-embedded-content"),r=0;r<s.length;r++)(t=(e=s[r]).getAttribute("data-secret"))||(t=Math.random().toString(36).substring(2,12),e.src+="#?secret="+t,e.setAttribute("data-secret",t)),e.contentWindow.postMessage({message:"ready",secret:t},"*")},!1)))}(window,document);
//# sourceURL=https://klasmann-deilmann.com/wp-includes/js/wp-embed.min.js
/* ]]> */
</script>

Round table to be held at Klasmann-Deilmann Klasmann-Deilmann has invited Julia Klöckner, German Federal Minister of Food and Agriculture (BMEL), to our company headquarters in Groß Hesepe. The background is the current debate on reducing the amount of peat in growing media and potting soils. Managing Director Moritz Böcking commented on this in an interview. Mr Böcking, let us once again describe the events chronologically. How did the invitation of the Federal Minister Julia Klöckner come about? Moritz Böcking: Europe
