{"version":"1.0","provider_name":"Klasmann-Deilmann","provider_url":"https:\/\/klasmann-deilmann.com\/de\/","author_name":"Manfred Dechering","author_url":"https:\/\/klasmann-deilmann.com\/de\/author\/m-dechering\/","title":"Nieders\u00e4chsische Allianz f\u00fcr Nachhaltigkeit \u2013 Wir sind dabei! - Klasmann-Deilmann","type":"rich","width":600,"height":338,"html":"<blockquote class=\"wp-embedded-content\" data-secret=\"dFazMOMJo2\"><a href=\"https:\/\/klasmann-deilmann.com\/de\/niedersaechsische-allianz-fuer-nachhaltigkeit-wir-sind-dabei\/\">Nieders\u00e4chsische Allianz f\u00fcr Nachhaltigkeit \u2013 Wir sind dabei!<\/a><\/blockquote><iframe sandbox=\"allow-scripts\" security=\"restricted\" src=\"https:\/\/klasmann-deilmann.com\/de\/niedersaechsische-allianz-fuer-nachhaltigkeit-wir-sind-dabei\/embed\/#?secret=dFazMOMJo2\" width=\"600\" height=\"338\" title=\"&#8222;Nieders\u00e4chsische Allianz f\u00fcr Nachhaltigkeit \u2013 Wir sind dabei!&#8220; &#8211; Klasmann-Deilmann\" data-secret=\"dFazMOMJo2\" frameborder=\"0\" marginwidth=\"0\" marginheight=\"0\" scrolling=\"no\" class=\"wp-embedded-content\"><\/iframe><script type=\"text\/javascript\">\n\/* <![CDATA[ *\/\n\/*! This file is auto-generated *\/\n!function(d,l){\"use strict\";l.querySelector&&d.addEventListener&&\"undefined\"!=typeof URL&&(d.wp=d.wp||{},d.wp.receiveEmbedMessage||(d.wp.receiveEmbedMessage=function(e){var t=e.data;if((t||t.secret||t.message||t.value)&&!\/[^a-zA-Z0-9]\/.test(t.secret)){for(var s,r,n,a=l.querySelectorAll('iframe[data-secret=\"'+t.secret+'\"]'),o=l.querySelectorAll('blockquote[data-secret=\"'+t.secret+'\"]'),c=new RegExp(\"^https?:$\",\"i\"),i=0;i<o.length;i++)o[i].style.display=\"none\";for(i=0;i<a.length;i++)s=a[i],e.source===s.contentWindow&&(s.removeAttribute(\"style\"),\"height\"===t.message?(1e3<(r=parseInt(t.value,10))?r=1e3:~~r<200&&(r=200),s.height=r):\"link\"===t.message&&(r=new URL(s.getAttribute(\"src\")),n=new URL(t.value),c.test(n.protocol))&&n.host===r.host&&l.activeElement===s&&(d.top.location.href=t.value))}},d.addEventListener(\"message\",d.wp.receiveEmbedMessage,!1),l.addEventListener(\"DOMContentLoaded\",function(){for(var e,t,s=l.querySelectorAll(\"iframe.wp-embedded-content\"),r=0;r<s.length;r++)(t=(e=s[r]).getAttribute(\"data-secret\"))||(t=Math.random().toString(36).substring(2,12),e.src+=\"#?secret=\"+t,e.setAttribute(\"data-secret\",t)),e.contentWindow.postMessage({message:\"ready\",secret:t},\"*\")},!1)))}(window,document);\n\/\/# sourceURL=https:\/\/klasmann-deilmann.com\/wp-includes\/js\/wp-embed.min.js\n\/* ]]> *\/\n<\/script>\n","description":"Klasmann-Deilmann wurde von der \u201eNiedersachsen Allianz f\u00fcr Nachhaltigkeit\u201c f\u00fcr ihr \u201enachhaltiges Wirtschaften\u201c ausgezeichnet. Seit knapp zehn Jahren ist Klasmann-Deilmann Mitglied der \u201eNiedersachsen Allianz f\u00fcr Nachhaltigkeit\u201c. Dahinter verbirgt sich ein Netzwerk aus Unternehmen, NGOs und Politik, das die nachhaltige Entwicklung in Niedersachsen voranbringen will und sich mindestens einmal im Jahr zu einer gr\u00f6\u00dferen Veranstaltung trifft. Niedersachsens Umweltminister Olaf Lies begr\u00fc\u00dfte in diesem Jahr 120 Teilnehmende aus Wirtschaft, Politik und Gesellschaft auf der Jahresveranstaltung der \u201eNiedersachsen Allianz f\u00fcr Nachhaltigkeit\u201c. Sie diskutierten im","thumbnail_url":"https:\/\/klasmann-deilmann.com\/wp-content\/uploads\/2018-09-10-BB-NAN-Wir-sind-dabei_Feierliche-Verleihung-01-1024x724.jpg"}

Niedersächsische Allianz für Nachhaltigkeit – Wir sind dabei! - Klasmann-Deilmann

<blockquote class="wp-embedded-content" data-secret="dFazMOMJo2"><a href="https://klasmann-deilmann.com/de/niedersaechsische-allianz-fuer-nachhaltigkeit-wir-sind-dabei/">Niedersächsische Allianz für Nachhaltigkeit – Wir sind dabei!</a></blockquote><iframe sandbox="allow-scripts" security="restricted" src="https://klasmann-deilmann.com/de/niedersaechsische-allianz-fuer-nachhaltigkeit-wir-sind-dabei/embed/#?secret=dFazMOMJo2" width="600" height="338" title="&#8222;Niedersächsische Allianz für Nachhaltigkeit – Wir sind dabei!&#8220; &#8211; Klasmann-Deilmann" data-secret="dFazMOMJo2" frameborder="0" marginwidth="0" marginheight="0" scrolling="no" class="wp-embedded-content"></iframe><script type="text/javascript">
/* <![CDATA[ */
/*! This file is auto-generated */
!function(d,l){"use strict";l.querySelector&&d.addEventListener&&"undefined"!=typeof URL&&(d.wp=d.wp||{},d.wp.receiveEmbedMessage||(d.wp.receiveEmbedMessage=function(e){var t=e.data;if((t||t.secret||t.message||t.value)&&!/[^a-zA-Z0-9]/.test(t.secret)){for(var s,r,n,a=l.querySelectorAll('iframe[data-secret="'+t.secret+'"]'),o=l.querySelectorAll('blockquote[data-secret="'+t.secret+'"]'),c=new RegExp("^https?:$","i"),i=0;i<o.length;i++)o[i].style.display="none";for(i=0;i<a.length;i++)s=a[i],e.source===s.contentWindow&&(s.removeAttribute("style"),"height"===t.message?(1e3<(r=parseInt(t.value,10))?r=1e3:~~r<200&&(r=200),s.height=r):"link"===t.message&&(r=new URL(s.getAttribute("src")),n=new URL(t.value),c.test(n.protocol))&&n.host===r.host&&l.activeElement===s&&(d.top.location.href=t.value))}},d.addEventListener("message",d.wp.receiveEmbedMessage,!1),l.addEventListener("DOMContentLoaded",function(){for(var e,t,s=l.querySelectorAll("iframe.wp-embedded-content"),r=0;r<s.length;r++)(t=(e=s[r]).getAttribute("data-secret"))||(t=Math.random().toString(36).substring(2,12),e.src+="#?secret="+t,e.setAttribute("data-secret",t)),e.contentWindow.postMessage({message:"ready",secret:t},"*")},!1)))}(window,document);
//# sourceURL=https://klasmann-deilmann.com/wp-includes/js/wp-embed.min.js
/* ]]> */
</script>

Klasmann-Deilmann wurde von der „Niedersachsen Allianz für Nachhaltigkeit“ für ihr „nachhaltiges Wirtschaften“ ausgezeichnet. Seit knapp zehn Jahren ist Klasmann-Deilmann Mitglied der „Niedersachsen Allianz für Nachhaltigkeit“. Dahinter verbirgt sich ein Netzwerk aus Unternehmen, NGOs und Politik, das die nachhaltige Entwicklung in Niedersachsen voranbringen will und sich mindestens einmal im Jahr zu einer größeren Veranstaltung trifft. Niedersachsens Umweltminister Olaf Lies begrüßte in diesem Jahr 120 Teilnehmende aus Wirtschaft, Politik und Gesellschaft auf der Jahresveranstaltung der „Niedersachsen Allianz für Nachhaltigkeit“. Sie diskutierten im
