{"version":"1.0","provider_name":"Klasmann-Deilmann","provider_url":"https:\/\/klasmann-deilmann.com\/de\/","author_name":"Dirk R\u00f6se","author_url":"https:\/\/klasmann-deilmann.com\/de\/author\/dirk-roese\/","title":"Damian Ikemann wird Gesch\u00e4ftsf\u00fchrer - Klasmann-Deilmann","type":"rich","width":600,"height":338,"html":"<blockquote class=\"wp-embedded-content\" data-secret=\"UdsYq0o5M0\"><a href=\"https:\/\/klasmann-deilmann.com\/de\/damian-ikemann-wird-geschaeftsfuehrer\/\">Damian Ikemann wird Gesch\u00e4ftsf\u00fchrer<\/a><\/blockquote><iframe sandbox=\"allow-scripts\" security=\"restricted\" src=\"https:\/\/klasmann-deilmann.com\/de\/damian-ikemann-wird-geschaeftsfuehrer\/embed\/#?secret=UdsYq0o5M0\" width=\"600\" height=\"338\" title=\"&#8222;Damian Ikemann wird Gesch\u00e4ftsf\u00fchrer&#8220; &#8211; Klasmann-Deilmann\" data-secret=\"UdsYq0o5M0\" frameborder=\"0\" marginwidth=\"0\" marginheight=\"0\" scrolling=\"no\" class=\"wp-embedded-content\"><\/iframe><script type=\"text\/javascript\">\n\/* <![CDATA[ *\/\n\/*! This file is auto-generated *\/\n!function(d,l){\"use strict\";l.querySelector&&d.addEventListener&&\"undefined\"!=typeof URL&&(d.wp=d.wp||{},d.wp.receiveEmbedMessage||(d.wp.receiveEmbedMessage=function(e){var t=e.data;if((t||t.secret||t.message||t.value)&&!\/[^a-zA-Z0-9]\/.test(t.secret)){for(var s,r,n,a=l.querySelectorAll('iframe[data-secret=\"'+t.secret+'\"]'),o=l.querySelectorAll('blockquote[data-secret=\"'+t.secret+'\"]'),c=new RegExp(\"^https?:$\",\"i\"),i=0;i<o.length;i++)o[i].style.display=\"none\";for(i=0;i<a.length;i++)s=a[i],e.source===s.contentWindow&&(s.removeAttribute(\"style\"),\"height\"===t.message?(1e3<(r=parseInt(t.value,10))?r=1e3:~~r<200&&(r=200),s.height=r):\"link\"===t.message&&(r=new URL(s.getAttribute(\"src\")),n=new URL(t.value),c.test(n.protocol))&&n.host===r.host&&l.activeElement===s&&(d.top.location.href=t.value))}},d.addEventListener(\"message\",d.wp.receiveEmbedMessage,!1),l.addEventListener(\"DOMContentLoaded\",function(){for(var e,t,s=l.querySelectorAll(\"iframe.wp-embedded-content\"),r=0;r<s.length;r++)(t=(e=s[r]).getAttribute(\"data-secret\"))||(t=Math.random().toString(36).substring(2,12),e.src+=\"#?secret=\"+t,e.setAttribute(\"data-secret\",t)),e.contentWindow.postMessage({message:\"ready\",secret:t},\"*\")},!1)))}(window,document);\n\/\/# sourceURL=https:\/\/klasmann-deilmann.com\/wp-includes\/js\/wp-embed.min.js\n\/* ]]> *\/\n<\/script>\n","description":"Ab 1. Juli 2024 bei Klasmann-Deilmann Damian Ikemann wird Gesch\u00e4ftsf\u00fchrer der Klasmann-Deilmann GmbH. Ab dem 1. Juli 2024 wird er gemeinsam mit Gesch\u00e4ftsf\u00fchrer Moritz B\u00f6cking (rechts im Bild) den Wachstumskurs der international t\u00e4tigen Unternehmensgruppe verantworten. Damian Ikemann (links) tritt die Nachfolge von Bernd Wehming (Mitte) an, der Mitte Juni in den Ruhestand tritt. Fortan leitet Damian Ikemann die Bereiche Finanzen, Controlling, Human Resources, Legal, IT und Produktion. \u201cWir freuen uns sehr dar\u00fcber, Damian Ikemann f\u00fcr Klasmann-Deilmann gewinnen zu k\u00f6nnen,\u201d so","thumbnail_url":"https:\/\/klasmann-deilmann.com\/wp-content\/uploads\/2024-05-16-Damian-Ikemann-Bernd-Wehming-Moritz-Boecking.jpg"}

Dirk Röse

Damian Ikemann wird Geschäftsführer - Klasmann-Deilmann

<blockquote class="wp-embedded-content" data-secret="UdsYq0o5M0"><a href="https://klasmann-deilmann.com/de/damian-ikemann-wird-geschaeftsfuehrer/">Damian Ikemann wird Geschäftsführer</a></blockquote><iframe sandbox="allow-scripts" security="restricted" src="https://klasmann-deilmann.com/de/damian-ikemann-wird-geschaeftsfuehrer/embed/#?secret=UdsYq0o5M0" width="600" height="338" title="&#8222;Damian Ikemann wird Geschäftsführer&#8220; &#8211; Klasmann-Deilmann" data-secret="UdsYq0o5M0" frameborder="0" marginwidth="0" marginheight="0" scrolling="no" class="wp-embedded-content"></iframe><script type="text/javascript">
/* <![CDATA[ */
/*! This file is auto-generated */
!function(d,l){"use strict";l.querySelector&&d.addEventListener&&"undefined"!=typeof URL&&(d.wp=d.wp||{},d.wp.receiveEmbedMessage||(d.wp.receiveEmbedMessage=function(e){var t=e.data;if((t||t.secret||t.message||t.value)&&!/[^a-zA-Z0-9]/.test(t.secret)){for(var s,r,n,a=l.querySelectorAll('iframe[data-secret="'+t.secret+'"]'),o=l.querySelectorAll('blockquote[data-secret="'+t.secret+'"]'),c=new RegExp("^https?:$","i"),i=0;i<o.length;i++)o[i].style.display="none";for(i=0;i<a.length;i++)s=a[i],e.source===s.contentWindow&&(s.removeAttribute("style"),"height"===t.message?(1e3<(r=parseInt(t.value,10))?r=1e3:~~r<200&&(r=200),s.height=r):"link"===t.message&&(r=new URL(s.getAttribute("src")),n=new URL(t.value),c.test(n.protocol))&&n.host===r.host&&l.activeElement===s&&(d.top.location.href=t.value))}},d.addEventListener("message",d.wp.receiveEmbedMessage,!1),l.addEventListener("DOMContentLoaded",function(){for(var e,t,s=l.querySelectorAll("iframe.wp-embedded-content"),r=0;r<s.length;r++)(t=(e=s[r]).getAttribute("data-secret"))||(t=Math.random().toString(36).substring(2,12),e.src+="#?secret="+t,e.setAttribute("data-secret",t)),e.contentWindow.postMessage({message:"ready",secret:t},"*")},!1)))}(window,document);
//# sourceURL=https://klasmann-deilmann.com/wp-includes/js/wp-embed.min.js
/* ]]> */
</script>

Ab 1. Juli 2024 bei Klasmann-Deilmann Damian Ikemann wird Geschäftsführer der Klasmann-Deilmann GmbH. Ab dem 1. Juli 2024 wird er gemeinsam mit Geschäftsführer Moritz Böcking (rechts im Bild) den Wachstumskurs der international tätigen Unternehmensgruppe verantworten. Damian Ikemann (links) tritt die Nachfolge von Bernd Wehming (Mitte) an, der Mitte Juni in den Ruhestand tritt. Fortan leitet Damian Ikemann die Bereiche Finanzen, Controlling, Human Resources, Legal, IT und Produktion. “Wir freuen uns sehr darüber, Damian Ikemann für Klasmann-Deilmann gewinnen zu können,” so
