{"version":"1.0","provider_name":"Klasmann-Deilmann","provider_url":"https:\/\/klasmann-deilmann.com\/de\/","author_name":"Dirk R\u00f6se","author_url":"https:\/\/klasmann-deilmann.com\/de\/author\/dirk-roese\/","title":"Bundesministerin Julia Kl\u00f6ckner eingeladen - Klasmann-Deilmann","type":"rich","width":600,"height":338,"html":"<blockquote class=\"wp-embedded-content\" data-secret=\"f9r3Gk1GNO\"><a href=\"https:\/\/klasmann-deilmann.com\/de\/bundesministerin-julia-kloeckner-eingeladen\/\">Bundesministerin Julia Kl\u00f6ckner eingeladen<\/a><\/blockquote><iframe sandbox=\"allow-scripts\" security=\"restricted\" src=\"https:\/\/klasmann-deilmann.com\/de\/bundesministerin-julia-kloeckner-eingeladen\/embed\/#?secret=f9r3Gk1GNO\" width=\"600\" height=\"338\" title=\"&#8222;Bundesministerin Julia Kl\u00f6ckner eingeladen&#8220; &#8211; Klasmann-Deilmann\" data-secret=\"f9r3Gk1GNO\" frameborder=\"0\" marginwidth=\"0\" marginheight=\"0\" scrolling=\"no\" class=\"wp-embedded-content\"><\/iframe><script type=\"text\/javascript\">\n\/* <![CDATA[ *\/\n\/*! This file is auto-generated *\/\n!function(d,l){\"use strict\";l.querySelector&&d.addEventListener&&\"undefined\"!=typeof URL&&(d.wp=d.wp||{},d.wp.receiveEmbedMessage||(d.wp.receiveEmbedMessage=function(e){var t=e.data;if((t||t.secret||t.message||t.value)&&!\/[^a-zA-Z0-9]\/.test(t.secret)){for(var s,r,n,a=l.querySelectorAll('iframe[data-secret=\"'+t.secret+'\"]'),o=l.querySelectorAll('blockquote[data-secret=\"'+t.secret+'\"]'),c=new RegExp(\"^https?:$\",\"i\"),i=0;i<o.length;i++)o[i].style.display=\"none\";for(i=0;i<a.length;i++)s=a[i],e.source===s.contentWindow&&(s.removeAttribute(\"style\"),\"height\"===t.message?(1e3<(r=parseInt(t.value,10))?r=1e3:~~r<200&&(r=200),s.height=r):\"link\"===t.message&&(r=new URL(s.getAttribute(\"src\")),n=new URL(t.value),c.test(n.protocol))&&n.host===r.host&&l.activeElement===s&&(d.top.location.href=t.value))}},d.addEventListener(\"message\",d.wp.receiveEmbedMessage,!1),l.addEventListener(\"DOMContentLoaded\",function(){for(var e,t,s=l.querySelectorAll(\"iframe.wp-embedded-content\"),r=0;r<s.length;r++)(t=(e=s[r]).getAttribute(\"data-secret\"))||(t=Math.random().toString(36).substring(2,12),e.src+=\"#?secret=\"+t,e.setAttribute(\"data-secret\",t)),e.contentWindow.postMessage({message:\"ready\",secret:t},\"*\")},!1)))}(window,document);\n\/\/# sourceURL=https:\/\/klasmann-deilmann.com\/wp-includes\/js\/wp-embed.min.js\n\/* ]]> *\/\n<\/script>\n","description":"Runder Tisch soll bei Klasmann-Deilmann stattfinden Klasmann-Deilmann hat Julia Kl\u00f6ckner, Bundesministerin f\u00fcr Ern\u00e4hrung und Landwirtschaft (BMEL), in unsere Unternehmenszentrale nach Gro\u00df Hesepe eingeladen. Hintergrund ist die aktuelle Debatte um eine Reduzierung von Torfanteilen in Kultursubstraten und Blumenerden. Gesch\u00e4ftsf\u00fchrer Moritz B\u00f6cking nahm dazu im Interview Stellung. Herr B\u00f6cking, lassen Sie uns die Ereignisse noch einmal chronologisch schildern. Wie kam es zu der Einladung der Bundesministerin Julia Kl\u00f6ckner? Moritz B\u00f6cking: Europa will bis 2050 klimaneutral sein. Vor diesem Hintergrund m\u00f6chte die Bundesregierung"}

Dirk Röse

Bundesministerin Julia Klöckner eingeladen - Klasmann-Deilmann

<blockquote class="wp-embedded-content" data-secret="f9r3Gk1GNO"><a href="https://klasmann-deilmann.com/de/bundesministerin-julia-kloeckner-eingeladen/">Bundesministerin Julia Klöckner eingeladen</a></blockquote><iframe sandbox="allow-scripts" security="restricted" src="https://klasmann-deilmann.com/de/bundesministerin-julia-kloeckner-eingeladen/embed/#?secret=f9r3Gk1GNO" width="600" height="338" title="&#8222;Bundesministerin Julia Klöckner eingeladen&#8220; &#8211; Klasmann-Deilmann" data-secret="f9r3Gk1GNO" frameborder="0" marginwidth="0" marginheight="0" scrolling="no" class="wp-embedded-content"></iframe><script type="text/javascript">
/* <![CDATA[ */
/*! This file is auto-generated */
!function(d,l){"use strict";l.querySelector&&d.addEventListener&&"undefined"!=typeof URL&&(d.wp=d.wp||{},d.wp.receiveEmbedMessage||(d.wp.receiveEmbedMessage=function(e){var t=e.data;if((t||t.secret||t.message||t.value)&&!/[^a-zA-Z0-9]/.test(t.secret)){for(var s,r,n,a=l.querySelectorAll('iframe[data-secret="'+t.secret+'"]'),o=l.querySelectorAll('blockquote[data-secret="'+t.secret+'"]'),c=new RegExp("^https?:$","i"),i=0;i<o.length;i++)o[i].style.display="none";for(i=0;i<a.length;i++)s=a[i],e.source===s.contentWindow&&(s.removeAttribute("style"),"height"===t.message?(1e3<(r=parseInt(t.value,10))?r=1e3:~~r<200&&(r=200),s.height=r):"link"===t.message&&(r=new URL(s.getAttribute("src")),n=new URL(t.value),c.test(n.protocol))&&n.host===r.host&&l.activeElement===s&&(d.top.location.href=t.value))}},d.addEventListener("message",d.wp.receiveEmbedMessage,!1),l.addEventListener("DOMContentLoaded",function(){for(var e,t,s=l.querySelectorAll("iframe.wp-embedded-content"),r=0;r<s.length;r++)(t=(e=s[r]).getAttribute("data-secret"))||(t=Math.random().toString(36).substring(2,12),e.src+="#?secret="+t,e.setAttribute("data-secret",t)),e.contentWindow.postMessage({message:"ready",secret:t},"*")},!1)))}(window,document);
//# sourceURL=https://klasmann-deilmann.com/wp-includes/js/wp-embed.min.js
/* ]]> */
</script>

Runder Tisch soll bei Klasmann-Deilmann stattfinden Klasmann-Deilmann hat Julia Klöckner, Bundesministerin für Ernährung und Landwirtschaft (BMEL), in unsere Unternehmenszentrale nach Groß Hesepe eingeladen. Hintergrund ist die aktuelle Debatte um eine Reduzierung von Torfanteilen in Kultursubstraten und Blumenerden. Geschäftsführer Moritz Böcking nahm dazu im Interview Stellung. Herr Böcking, lassen Sie uns die Ereignisse noch einmal chronologisch schildern. Wie kam es zu der Einladung der Bundesministerin Julia Klöckner? Moritz Böcking: Europa will bis 2050 klimaneutral sein. Vor diesem Hintergrund möchte die Bundesregierung
